 common divisor of 610 and 80.
10
Calculate the highest common factor of 288 and 324.
36
What is the greatest common factor of 14 and 8?
2
Calculate the highest common factor of 19 and 95.
19
What is the highest common factor of 15946 and 1428?
238
Calculate the greatest common divisor of 10858 and 178.
178
What is the highest common factor of 120 and 36?
12
Calculate the greatest common factor of 8 and 88.
8
Calculate the greatest common factor of 73 and 1241.
73
What is the greatest common divisor of 4 and 52?
4
What is the greatest common factor of 2096 and 1441?
131
What is the highest common factor of 372 and 324?
12
What is the greatest common factor of 20 and 27830?
10
Calculate the greatest common factor of 377 and 39.
13
Calculate the greatest common factor of 60 and 165.
15
What is the highest common divisor of 25 and 525?
25
What is the highest common divisor of 384 and 9?
3
Calculate the greatest common factor of 99 and 110.
11
What is the greatest common factor of 105 and 6?
3
Calculate the highest common divisor of 84 and 196.
28
Calculate the highest common divisor of 16 and 41.
1
What is the highest common divisor of 102 and 906?
6
Calculate the highest common factor of 86 and 7654.
86
What is the greatest common divisor of 369 and 451?
41
Calculate the highest common divisor of 8 and 82.
2
What is the greatest common factor of 32 and 28?
4
What is the highest common divisor of 89 and 4183?
89
Calculate the greatest common divisor of 5405 and 940.
235
What is the highest common factor of 4891 and 201?
67
What is the greatest common divisor of 1352 and 104?
104
Calculate the highest common divisor of 651 and 1116.
93
Calculate the highest common divisor of 6 and 285.
3
Calculate the highest common factor of 169 and 1937.
13
Calculate the highest common divisor of 39 and 130.
13
Calculate the highest common factor of 12327 and 21.
21
What is the highest common divisor of 468 and 18?
18
What is the greatest common divisor of 451 and 44?
11
Calculate the highest common divisor of 13430 and 20.
10
Calculate the greatest common divisor of 284 and 8.
4
Calculate the greatest common factor of 86 and 688.
86
What is the greatest common factor of 43 and 387?
43
What is the greatest common divisor of 85 and 15?
5
Calculate the greatest common factor of 49 and 399.
7
Calculate the highest common factor of 106 and 583.
53
What is the greatest common divisor of 684 and 36?
36
What is the highest common factor of 672 and 14?
14
What is the highest common factor of 135 and 1935?
45
What is the greatest common factor of 40 and 30?
10
Calculate the highest common factor of 240 and 285.
15
Calculate the greatest common divisor of 45 and 285.
15
Calculate the highest common divisor of 912 and 570.
114
Calculate the greatest common divisor of 3 and 921.
3
What is the greatest common divisor of 126 and 6489?
63
What is the highest common divisor of 220 and 132?
44
Calculate the greatest common factor of 840 and 645.
15
What is the highest common divisor of 43 and 731?
43
Calculate the greatest common divisor of 30 and 105.
15
Calculate the greatest common divisor of 87 and 3.
3
What is the highest common factor of 9450 and 15?
15
Calculate the greatest common divisor of 87 and 12963.
87
What is the highest common factor of 1056 and 363?
33
Calculate the highest common factor of 18 and 10683.
9
What is the greatest common factor of 1606 and 22?
22
What is the highest common factor of 300 and 4150?
50
Calculate the greatest common divisor of 272 and 160.
16
Calculate the highest common divisor of 5 and 2605.
5
Calculate the highest common divisor of 64 and 832.
64
What is the greatest common divisor of 47861 and 209?
209
Calculate the greatest common divisor of 40 and 30.
10
Calculate the greatest common divisor of 8 and 1330.
2
What is the greatest common divisor of 260 and 5?
5
What is the greatest common factor of 184 and 115?
23
What is the highest common factor of 153 and 119?
17
Calculate the greatest common factor of 1254 and 858.
66
What is the greatest common divisor of 540 and 8040?
60
Calculate the greatest common factor of 4 and 26.
2
Calculate the highest common factor of 20 and 43140.
20
What is the greatest common factor of 157 and 4867?
157
Calculate the greatest common divisor of 335 and 45.
5
Calculate the highest common factor of 6526 and 26.
26
Calculate the greatest common factor of 285 and 75.
15
What is the highest common factor of 18 and 18?
18
Calculate the greatest common divisor of 492 and 60.
12
What is the greatest common factor of 129 and 1333?
43
What is the greatest common factor of 320 and 2720?
160
What is the greatest common factor of 275 and 11?
11
Calculate the highest common factor of 9 and 3231.
9
Calculate the highest common divisor of 494 and 76.
38
What is the highest common factor of 760 and 7828?
76
Calculate the greatest common factor of 14 and 3325.
7
What is the highest common divisor of 95 and 15?
5
Calculate the highest common factor of 120 and 60.
60
What is the highest common factor of 30 and 600?
30
Calculate the highest common divisor of 25 and 20.
5
What is the highest common factor of 25 and 5?
5
What is the highest common factor of 6438 and 30?
6
What is the greatest common divisor of 448 and 644?
28
Calculate the greatest common divisor of 105 and 42.
21
What is the highest common divisor of 209 and 55?
11
What is the greatest common divisor of 3070 and 30?
10
What is the greatest common factor of 24 and 3972?
12
What is the highest common divisor of 55 and 5255?
5
What is the highest common divisor of 666 and 12?
6
Calculate the greatest common factor of 782 and 2278.
34
Calculate the highest common factor of 387 and 36.
9
Calculate the highest common divisor of 182 and 4.
2
What is the highest common factor of 7 and 1673?
7
What is the greatest common factor of 156 and 36?
12
What is the greatest common divisor of 8 and 216?
8
What is the greatest common factor of 164 and 79868?
164
Calculate the highest common divisor of 555 and 1517.
37
Calculate the highest common divisor of 1 and 79.
1
Calculate the highest common factor of 64 and 3136.
64
What is the greatest common factor of 1343 and 79?
79
What is the highest common factor of 240 and 528?
48
What is the highest common divisor of 72 and 1080?
72
Calculate the highest common divisor of 83 and 27.
1
What is the greatest common divisor of 25 and 395?
5
What is the highest common divisor of 20 and 30920?
20
What is the greatest common divisor of 160 and 64?
32
What is the greatest common divisor of 77 and 22?
11
Calculate the greatest common divisor of 42 and 189.
21
What is the highest common factor of 168 and 132?
12
Calculate the greatest common divisor of 374 and 33.
11
What is the highest common divisor of 17940 and 230?
230
What is the highest common divisor of 66 and 110?
22
What is the highest common factor of 153 and 21369?
51
What is the greatest common factor of 60 and 405?
15
Calculate the greatest common factor of 882 and 18.
18
Calculate the greatest common divisor of 65 and 5.
5
What is the greatest common divisor of 61 and 1403?
61
What is the greatest common divisor of 14 and 14294?
14
Calculate the greatest common divisor of 1316 and 35.
7
What is the greatest common divisor of 82 and 5494?
82
What is the highest common factor of 260 and 80?
20
What is the greatest common divisor of 308 and 440?
44
Calculate the highest common divisor of 130 and 338.
26
Calculate the highest common factor of 330 and 198.
66
Calculate the greatest common divisor of 77 and 11.
11
Calculate the greatest common divisor of 41 and 1271.
41
What is the highest common divisor of 110 and 22?
22
Calculate the highest common divisor of 30 and 19860.
30
What is the greatest common factor of 156 and 6201?
39
Calculate the greatest common factor of 2 and 136.
2
Calculate the highest common divisor of 252 and 36.
36
What is the highest common divisor of 1105 and 130?
65
Calculate the greatest common divisor of 80 and 55.
5
What is the highest common divisor of 8633 and 89?
89
What is the highest common divisor of 506 and 9361?
253
What is the greatest common divisor of 4807 and 418?
209
Calculate the highest common divisor of 180 and 6030.
90
What is